 the remainder when n is divided by h?
7
Let z(q) = -q**3 - q**2 - 14*q - 38. Calculate the remainder when z(-3) is divided by 6.
4
Suppose -o = -6 - 4. Let w = 5074 - 5035. What is the remainder when w is divided by o?
9
Suppose 306 = 3*f + 168. What is the remainder when 118 is divided by f?
26
Suppose 0 = 2*a - 16*a + 476. What is the remainder when 72 is divided by a?
4
Suppose 2*y + 5*r = 19, y + 0*r - 14 = -r. Suppose 16*w = 11*w - 5. What is the remainder when (w + -38)/((-9)/15) is divided by y?
14
Calculate the remainder when 183 is divided by (12/16)/((-15)/(-940)).
42
Suppose -18 + 28 = 2*j. Suppose -3*b - 46 = 2*f - 3*f, 3*f - j*b = 122. What is the remainder when f is divided by 7?
6
Let m = 2309 + -2286. Calculate the remainder when 44 is divided by m.
21
Let c(m) = -5*m**2 + 202*m - 95. Calculate the remainder when c(39) is divided by 47.
37
Calculate the remainder when 375 is divided by 19*(-8 + 12 - 3).
14
Let f = 176 + -171. Suppose 2*h - 90 = -y, -4*h + 462 = 10*y - f*y. What is the remainder when y is divided by 146/6 + (-2)/6?
22
Let h = -2645 - -2655. What is the remainder when 23 is divided by h?
3
Let g be (-26)/(-8) - (-2)/(-8). Suppose 0 = -4*y + 3 + 9. Calculate the remainder when 9 + (-4)/2 - g is divided by y.
1
Suppose -4*v + 57 = 5*d + 8, d + 4*v = -3. What is the remainder when 649 is divided by d?
12
Let u = -102 + 191. What is the remainder when 532 is divided by u?
87
Suppose 0*t + 30 = 6*t. Suppose t*c + 28 = 333. Suppose 0 = a - 10 - 6. Calculate the remainder when c is divided by a.
13
Let i = 4 + 4. Let x(m) be the second derivative of -m**4/12 + 11*m**3/6 + 13*m**2/2 - 21*m. Calculate the remainder when x(11) is divided by i.
5
Suppose 18*g - 23*g + 467 = -2*a, 4*g = 4*a + 364. Calculate the remainder when g is divided by (-2)/(-6) - (-50)/3.
10
Let c = -19 + 22. Suppose -5*d = 2*x - 97, -3*d - d + c*x + 96 = 0. Calculate the remainder when 40 is divided by d.
19
Let q = -57 + 130. Let v(a) = 2*a**2 + 2*a - 1. Let g be v(-3). Suppose 2*r - g = q. Calculate the remainder when r is divided by 11.
9
Let j(z) = -3*z + 2. Let f be j(-9). Suppose -4*y + f = -83. What is the remainder when 166 is divided by y?
26
Let m(i) = i**3 + 7*i**2 - 9*i + 4. Let h = 5 + -13. Suppose -16*a = 25*a + 8*a - 2254. What is the remainder when a is divided by m(h)?
10
Let w(b) = -20*b**2 + 584*b - 29. Suppose f = -2*f + 15. Suppose 0 = f*z - 9 - 101. What is the remainder when w(29) is divided by z?
21
Let u be (4/6)/(8/(-36)). Let h(l) = 3*l**2 + l + 8. Calculate the remainder when h(u) is divided by 3*((-33)/(-9))/1.
10
Suppose -4*b - 450 = -1218. Calculate the remainder when b is divided by 15.
12
Let t = 36 - 10. What is the remainder when 50 is divided by (t/(-4))/((6/(-12))/1)?
11
Suppose 2*u - 918 = -54. Let t = u - 303. What is the remainder when t is divided by 26?
25
Let c(b) = -b**3 - 23*b**2 - 42*b - 4. Let x be c(-21). Let k(i) = -i. Suppose -3*m + m = -26. What is the remainder when m is divided by k(x)?
1
What is the remainder when 188 is divided by (-3 + (-4)/(-2))/((-22)/308)?
6
Calculate the remainder when 476 is divided by 0 + 3*30/(-24)*-4.
11
Suppose 4*n + 14 = 3*n. Let j = 16 + n. What is the remainder when (-13)/j*(2 - 14) is divided by 16?
14
Let d(q) = q**3 + q**2 - q - 1. Let c be d(-1). Suppose c = 3*w - 258 + 177. Suppose -5*k + 0*k = -390. Calculate the remainder when k is divided by w.
24
Suppose 11*n - 156 = 130. Suppose -2*x + 28 = -0. Calculate the remainder when n is divided by x.
12
Suppose -8*w + 0*w = 3152. What is the remainder when (-4)/(-3) - w/6 is divided by 17?
16
Let t be 1/((-2)/(-1 - 1)). Let g = 4 - t. Suppose 0 = g*w - w + 4*m - 56, -2*m = -2. Calculate the remainder when 76 is divided by w.
24
Suppose 4*v - 4*j - 128 = 0, -j + 55 = 12*v - 10*v. What is the remainder when v is divided by 6?
5
Suppose -186 + 194 = 4*m, -5*o = -4*m - 282. What is the remainder when 343 is divided by o?
53
Let z(c) = c**2 + 6*c + 23. What is the remainder when 53 is divided by z(0)?
7
Let p = 50 - 17. Suppose 544 = 3*j + m - 43, 0 = m - 2. What is the remainder when j is divided by p?
30
Calculate the remainder when 69 is divided by -7 - (-4)/(-8)*-82.
1
Let q be (-2)/3 + (-92)/6. Let v = q + 23. What is the remainder when 2/(-8) - (-1090)/40 is divided by v?
6
Let w be (-1 - -2)*(-4)/(-2). Suppose 3*o - 79 = -w*z, 4*z + 2*o - 111 = z. What is the remainder when z is divided by 19?
16
Let v be 83 - 2 - (0 - -1). Suppose -9*f - v = -11*f. Suppose -f = -l - 0*z + 4*z, 0 = 5*z. What is the remainder when l is divided by 21?
19
Suppose -16*d = 58*d - 2960. Calculate the remainder when 221 is divided by d.
21
Let k(u) = 2*u**3 - 16*u**2 + 19*u + 26. Calculate the remainder when k(8) is divided by 13.
9
Let t = -694 + 708. Calculate the remainder when 107 is divided by t.
9
Let y(p) = 12*p + 3. Let h(i) = i**3 - 10*i**2 + 8*i + 10. Let z be h(9). Suppose z = -x + 6. Calculate the remainder when y(x) is divided by 13.
11
Let t(s) = 8. Let w(r) = r**2 - 1. Let j(d) = t(d) + 2*w(d). Calculate the remainder when 117 is divided by j(3).
21
Let b be (-4)/(-3) - 2/(-3). Calculate the remainder when (-2 - b)/(-2) + 59 is divided by 13.
9
Let n(m) = -m**2 + 8*m + 9. Let y = 484 + -456. What is the remainder when y is divided by n(7)?
12
Let d(p) = p**3 + 9*p**2 - 10*p - 10. Let y be d(-10). Let c be y + (3 - -2 - 2). Let w = c + 9. Calculate the remainder when 7 is divided by w.
1
Let n(s) = 3*s**2 - 4*s. What is the remainder when 19 is divided by n(2)?
3
What is the remainder when (-30348)/(-180) - (-2)/5 is divided by 32?
9
Let s(h) = -39*h - 25. What is the remainder when 211 is divided by s(-2)?
52
Let b = 3 - 1. Suppose 0 = -b*m + 2, -z + 2*z - 2*m - 5 = 0. Calculate the remainder when 39 is divided by 7/(((-14)/(-6))/z).
18
Let t = -160 + 213. Suppose 5*m - 2*m - 42 = 0. Calculate the remainder when t is divided by m.
11
Let l = -1264 - -1332. Calculate the remainder when 332 is divided by l.
60
Let d(g) = 366*g - 1. Let x be d(1). Suppose x = 2*k - 49. What is the remainder when 18 is divided by (-2)/(-5) + k/45?
3
Suppose 2*l + 995 = 5*z, 533 + 477 = 5*z - 5*l. What is the remainder when z is divided by 45?
17
Suppose -r - 3*r + 8 = 0. Suppose r*o - 91 = -3*g + o, -g + 4*o = -39. Calculate the remainder when 58 is divided by g.
27
Let a(i) = 11*i**3 - 5*i**2 + 5*i - 10. Calculate the remainder when a(3) is divided by 24.
17
Calculate the remainder when (-455)/26*(0 + (-8)/5) is divided by 5.
3
Let p = -174 + 198. What is the remainder when p is divided by 5?
4
Suppose -11*l = 203 - 412. Calculate the remainder when 60 is divided by l.
3
Suppose 0 = 4*x + 4*m - 180, -5*x + 2*x = -2*m - 155. Suppose -j - 3*k + 10 = 0, 0 = 2*k + 4 + 6. What is the remainder when x is divided by j?
24
Let o = 25 + -8. Suppose 17 = -p + 23. What is the remainder when o is divided by p?
5
Calculate the remainder when 482 is divided by (78/(-234))/((-1)/207).
68
Let r = -7 + 9. Suppose h - q = 31 + 14, -5*h - r*q = -260. Calculate the remainder when h is divided by 27.
23
Suppose -13*h - 210 = -28*h. What is the remainder when 65 is divided by h?
9
Let m(w) = 6*w + 8. Let d be m(-1). Let b = -1 + 4. What is the remainder when (2/4)/(d*2/72) is divided by b?
0
Let h(u) = 2*u**2 + 21*u + 61. What is the remainder when 20 is divided by h(-3)?
4
Suppose -8 = l + 4*x, 5*l + 2*x - 8 = 3*l. Calculate the remainder when 424 is divided by l.
0
Let r = 208 + -89. Calculate the remainder when r is divided by 15.
14
Calculate the remainder when 540/24*((-68)/(-12) + -3) is divided by 26.
8
Let g = 83 - -48. Let p = g + -59. Suppose -3*m + 26 = 2*l, 0 = 5*l + 3*m + m - p. What is the remainder when 61 is divided by l?
13
Suppose h + 2*p - 128 = 49, 0 = 4*h + p - 673. Let w = -85 + h. What is the remainder when w is divided by 17?
14
Suppose 8 = -2*t, v - 2*t = -0*t + 20. Suppose 0 = -u + 4, 3*g = 4*u - 257 + 103. Let i = -11 - g. What is the remainder when i is divided by v?
11
Let m = -340 + 506. What is the remainder when m is divided by 90?
76
Suppose 3*m = -4*b + m + 74, 0 = -2*b - 5*m + 17. Let h = 27 - b. What is the remainder when h is divided by 2?
0
Let t = 27 + 23. Let b(g) = -9*g - 28. Calculate the remainder when t is divided 